 = s + 134. What is the tens digit of a?
7
What is the hundreds digit of (-15)/42*-65644 - (-34)/(-119)?
4
Suppose v = 3, -2*v = -2*f - 16 - 96. Let z = 56 + f. Suppose 177 = z*x + 15. What is the tens digit of x?
5
Suppose 0 = 6*y + 6 + 6. What is the tens digit of ((-3349)/(-34))/(1 - y/(-4))?
9
Let f be ((-10)/6)/(10/30). What is the units digit of f/(-9)*447 + 3/(-9)?
8
Let c = -151 - -160. Suppose -c*x + 1620 = -1044. What is the units digit of x?
6
Let z = 46 + -107. Let n = 10 - 12. What is the units digit of z/(-1) - (-1 + n)?
4
Let m = -5 + -5. Let c be 30/m + 5*1. Suppose -c*b + 3*g = 10, 0*b - 12 = 4*b - 4*g. What is the units digit of b?
1
Suppose 2*y + 3*t - 50381 = 0, 5*y - 6*t = -t + 126015. What is the units digit of y/35 - (-2)/35?
0
Suppose 4*z + z + 5*v = -5, 3*z + 4*v + 4 = 0. Suppose z = 8*x - 2*x - 84. What is the units digit of (-596)/(-28) - 4/x?
1
Let s(h) = 0*h + 3*h - 4 + 3*h. Suppose 10 = v + i, 13*v = 10*v - i + 22. What is the tens digit of s(v)?
3
Let g be 3/(36/16)*-12. Let y = g + 14. Let j = y + 5. What is the units digit of j?
3
Let z = 500 + -502. What is the units digit of 18*((-100)/(-40))/(z/(-76))?
0
Suppose z + 8*z = -171. Let x be (-5 - z)/(-2)*(1 + 0). What is the units digit of (-1*1)/(x/147)?
1
Let a(s) = 6*s**2 + 4*s - 18. Let w = 84 + -85. Let q be (-39)/13 - w*(-2 - 1). What is the units digit of a(q)?
4
Let b = -4702 + 21732. What is the tens digit of b?
3
Let g = -296 + 524. Let k be (-40)/(-12)*(90 - (-3 + 0)). Suppose -2*m + k = -g. What is the tens digit of m?
6
Let s = -285 - -278. What is the units digit of 5 + s - (-9 - 785)?
2
Let y(x) = -6*x**3 - 25*x**2 - 11*x - 39. Let t(c) = -3*c**3 - 13*c**2 - 5*c - 19. Let z(d) = 7*t(d) - 3*y(d). What is the hundreds digit of z(-7)?
2
Suppose -7*u - 84 = -19*u. Suppose u*z - 493 = 5002. What is the tens digit of z?
8
What is the thousands digit of ((-8)/20)/((-60)/1046850)?
6
Let b = 93 + -173. Let x = b + 81. Let j(l) = 283*l + 3. What is the tens digit of j(x)?
8
Let z = 8113 + 20021. What is the tens digit of z?
3
Let j be -1 - ((5 - 2) + 2 + -5). What is the tens digit of (-1 + -236 - -4)*j?
3
Suppose 4*h = 3*v + 145 + 460, -289 = -2*h - 3*v. What is the tens digit of h/2 + 29/58?
7
Let r(x) = 5 + 264*x - 247*x + 0. What is the tens digit of r(15)?
6
Let b(u) = 57*u - 1422. What is the thousands digit of b(52)?
1
Let y = 44 - 48. Let q be -10 - (-1 - y - 4). Let a = q - -31. What is the tens digit of a?
2
Let x(y) = -238*y - 670. What is the tens digit of x(-48)?
5
Let v(q) = -q**3 + q**2 + 132*q - 23. What is the thousands digit of v(-18)?
3
Suppose -4*a - 4 = -0. Let j(i) = i + 5. Let g be j(a). What is the tens digit of 69 + (5 - (5 - g))?
7
Let g = 176 - 162. What is the tens digit of 1/28*-4 + 2900/g?
0
Suppose 18*f - 185657 - 225679 = 0. What is the units digit of f?
2
Let i(c) = 392*c**2 - 434*c - 3411. What is the hundreds digit of i(-8)?
1
Let d be (0 - -2)/(95/(-25) - -4). Suppose 26 = g - 19. Suppose 5*b - d = g. What is the units digit of b?
1
Let x(f) = -536*f**2 + 9*f + 4. Let r(y) = -1072*y**2 + 19*y + 9. Let i(p) = 6*r(p) - 13*x(p). What is the units digit of i(1)?
5
Let n be (-322)/(-3)*1170/91. Suppose 0 = -17*t + n + 6899. What is the hundreds digit of t?
4
What is the hundreds digit of (-3)/(-18) + 692575/156 + 20/16?
4
Let l be 10 + (-12)/3 + (10 - 4). Suppose -l*z + 30*z - 8136 = 0. What is the units digit of z?
2
Suppose 0 = -4*p + 52 - 36. Suppose 0 = p*i - 4*l - 520, l + 248 = 4*i - 272. What is the tens digit of i?
3
Let i(h) = 207*h**2 + 29*h + 121. What is the tens digit of i(-8)?
3
What is the thousands digit of (-21)/(-1)*10489/(16 - -1)?
2
Let z(q) be the third derivative of q**4/24 + q**3/2 + 29*q**2. Let b be z(2). What is the tens digit of (-61)/(-2) - -3 - b/(-10)?
3
Suppose 0 = -2*u + 294 + 54. Let z(l) = -7*l**2 - 6*l + 11. Let d be z(3). Let g = d + u. What is the units digit of g?
4
Let a(p) = -65*p**3 - p**2 - 73*p - 636. What is the hundreds digit of a(-10)?
9
Let q = -18 - -16. Let g be (-51)/(-12) - q/(-8). Suppose 6*k - g*k = 100. What is the units digit of k?
0
What is the hundreds digit of (30105 + -15)/5 - -16?
0
Suppose -3*p = 3*n - 51087, 63*n - 68*n - 34093 = -2*p. What is the hundreds digit of p?
0
Suppose 0 = -4*y - 5*w + 4333, y - 3*y + 3*w + 2161 = 0. Suppose -b = -2*k + 725, 0 = -10*k + 7*k - 4*b + y. What is the hundreds digit of k?
3
Let z = -10605 + 17645. What is the hundreds digit of z?
0
Suppose y + 4*r = 16, -r - 3*r = 3*y - 64. What is the thousands digit of (-552)/(-23)*-2*(-681)/y?
1
Suppose -2*j + 6058 = -5*l, 9*j + 6930 = l + 34148. What is the hundreds digit of j?
0
Suppose -w + 3*c = 1303, -w - 2*c - 1319 = -c. Let i = -894 - w. What is the units digit of i?
1
Let m = -1 - -3. Suppose m*f = 12*f - 3280. Suppose 12*s - f = 452. What is the tens digit of s?
6
Let c be ((-460)/(-60))/(3/1089). Suppose 3*k + c = 5*f, 739 = f - 2*k + 188. What is the hundreds digit of f?
5
Suppose -i + 6865 = -5*s, 3*s + 831 = 5*i - 33538. What is the tens digit of i?
7
What is the tens digit of (-1)/(-7) - ((-863698)/77 - 11)?
2
Suppose -498 = -18*a + 12*a. Suppose 0 = 11*i + a - 3185. What is the units digit of i?
2
Let h(i) = -4*i + 101. Let k be h(25). What is the tens digit of 131 - k/((-3)/(-30)*5)?
2
What is the thousands digit of 1479 + 1/((-9)/567*7)?
1
Let a(n) = -177*n**3 - 4*n**2 + 4*n + 50. What is the tens digit of a(-4)?
9
Let q(r) = 3*r - 12. Let f(j) = -j + 1. Let i(b) = -5*f(b) - q(b). Let d(s) = -3*s - 6. Let x(u) = 3*d(u) + 2*i(u). What is the units digit of x(-3)?
1
Suppose -4*h - 20032 + 186392 = -4*s, -3*h + 2*s = -124774. What is the units digit of h?
4
Let x = -15 + 165. Let m = 264 - x. What is the tens digit of m?
1
Let p = 307 - 301. Suppose -135 = p*k - 4185. What is the units digit of k?
5
Suppose 8*d = 11*d - 18. What is the hundreds digit of 469 - d*5/(-10)?
4
Let v(r) = r**3 + r**2 - 1. Let m(d) = -d**3 + 6*d**2 + 16*d + 14. Let g(a) = -m(a) - 3*v(a). What is the hundreds digit of g(-7)?
3
Suppose -25 = -3*q + 5*f, 8 = 3*q - q + f. Suppose -7*n + 3*y + 1190 = -2*n, -y + q = 0. What is the tens digit of n?
4
Let x(c) = 10*c**2 + 132*c + 1180. What is the units digit of x(-73)?
4
Let a(k) = -48*k - 4 + 6 - 1 + 197*k. What is the hundreds digit of a(1)?
1
Let g = -83 - -91. Suppose g*f + 951 = 11*f. What is the units digit of f?
7
Let u = 7337 - -2118. What is the thousands digit of u?
9
Let d(q) = -q**3 + 12*q**2 + 2*q + 4. Let s(v) = v**2 + 2*v - 113. Let a be s(10). What is the hundreds digit of d(a)?
2
Suppose 5*d + 40761 - 188861 = 0. What is the tens digit of d?
2
Suppose 0 = -9*c - 2*c + 440. Let o be (-5)/10*c/(-4). Suppose -5*z + 245 = -4*z + o*y, 3*z + y - 749 = 0. What is the hundreds digit of z?
2
Suppose -4*k - k - 23 = 3*y, -2*k + 5*y = 3. Let c be -3 - (-1 + (k - -1)). What is the units digit of (-3)/c + 4 - -4?
5
Let m = 57 + -55. Suppose -5*h - q + 210 = 0, -166 - m = -4*h - 2*q. Suppose -38*s - 476 = -h*s. What is the hundreds digit of s?
1
Suppose 3*q + 2*l = -2*q + 35, 3*l + 10 = 5*q. Suppose 3*o = -a + 4, -2*a - 1 + 9 = q*o. Suppose 5*i - 134 - 176 = o. What is the units digit of i?
2
What is the hundreds digit of (11 - 12)*(8 - 2838)?
8
Suppose 5*d - 471811 = 4*k, 0 = 4*d + 51*k - 48*k - 377455. What is the thousands digit of d?
4
Let b(z) = -z**2 + z + 32. Let w be b(6). What is the tens digit of w/8 - (2915/(-4) + -3)?
3
Suppose -11*w + 20 = 53. Let x(o) = 7*o**2 - 6*o + 10. What is the units digit of x(w)?
1
Let g = -12316 - -29187. What is the hundreds digit of g?
8
Let z(j) = -j**3 - 39*j**2 + 24*j - 677. What is the thousands digit of z(-41)?
1
Let l(v) = 885*v + 1041. What is the tens digit of l(77)?
8
Let g(s) = -s**2 + s - 1. Let w(d) = -d**3 - 20*d**2 + 16*d - 13. Let y(o) = -3*g(o) + w(o). What is the units digit of y(-20)?
0
Let o(t) = 4*t**2 - 44*t + 58. Let s(u) = -u**2 + 15*u - 19. Suppose -6*h - 18 = -6. Let q(y) = h*o(y) - 7*s(y). What is the tens digit of q(-13)?
6
Suppose 0 = p + 633 - 79. Let r = p - -917. What is the units digit of r?
3
Let s(b) = -b - 1. Let c(m) = -5*m - 14. Let l(k) = -c(k) + 6*s(k). Let h be l(4). Suppose -5*a - 4*z + 2*z = -97, h*a + 4*z = 80. What is the tens digit of a?
1
Let w = 6183 + -1936. What